he tens digit of 478?
7
What is the ten thousands digit of 18766?
1
What is the thousands digit of 144980?
4
What is the thousands digit of 71287?
1
What is the units digit of 1027?
7
What is the tens digit of 454?
5
What is the thousands digit of 2076?
2
What is the hundreds digit of 9883?
8
What is the units digit of 1708?
8
What is the hundred thousands digit of 184254?
1
What is the ten thousands digit of 13546?
1
What is the tens digit of 59729?
2
What is the thousands digit of 7285?
7
What is the tens digit of 266?
6
What is the tens digit of 2707?
0
What is the hundreds digit of 3013?
0
What is the hundreds digit of 73745?
7
What is the tens digit of 30001?
0
What is the tens digit of 7430?
3
What is the hundreds digit of 8956?
9
What is the thousands digit of 2164?
2
What is the hundreds digit of 445?
4
What is the units digit of 1688?
8
What is the hundreds digit of 4372?
3
What is the tens digit of 1214?
1
What is the units digit of 12797?
7
What is the tens digit of 23954?
5
What is the tens digit of 428?
2
What is the units digit of 4864?
4
What is the thousands digit of 3068?
3
What is the units digit of 12530?
0
What is the tens digit of 139350?
5
What is the tens digit of 3088?
8
What is the tens digit of 6540?
4
What is the hundreds digit of 22573?
5
What is the thousands digit of 1549?
1
What is the tens digit of 819?
1
What is the hundreds digit of 27117?
1
What is the units digit of 50663?
3
What is the hundreds digit of 837?
8
What is the units digit of 573?
3
What is the units digit of 881?
1
What is the units digit of 2988?
8
What is the units digit of 3294?
4
What is the tens digit of 5686?
8
What is the units digit of 54848?
8
What is the units digit of 894?
4
What is the tens digit of 137?
3
What is the hundreds digit of 421?
4
What is the hundred thousands digit of 129062?
1
What is the units digit of 8711?
1
What is the thousands digit of 21142?
1
What is the tens digit of 6693?
9
What is the tens digit of 9252?
5
What is the hundreds digit of 16912?
9
What is the thousands digit of 2747?
2
What is the ten thousands digit of 79863?
7
What is the hundreds digit of 1419?
4
What is the tens digit of 385?
8
What is the thousands digit of 7608?
7
What is the thousands digit of 4015?
4
What is the units digit of 29310?
0
What is the tens digit of 7886?
8
What is the tens digit of 3353?
5
What is the units digit of 288?
8
What is the tens digit of 4314?
1
What is the units digit of 34534?
4
What is the tens digit of 36791?
9
What is the units digit of 28440?
0
What is the tens digit of 5074?
7
What is the tens digit of 1504?
0
What is the thousands digit of 1351?
1
What is the hundreds digit of 7203?
2
What is the ten thousands digit of 24299?
2
What is the units digit of 8101?
1
What is the hundreds digit of 66275?
2
What is the tens digit of 19837?
3
What is the thousands digit of 6090?
6
What is the tens digit of 32640?
4
What is the tens digit of 171745?
4
What is the tens digit of 3899?
9
What is the tens digit of 793?
9
What is the units digit of 5658?
8
What is the thousands digit of 37340?
7
What is the thousands digit of 1403?
1
What is the units digit of 35130?
0
What is the thousands digit of 6437?
6
What is the tens digit of 9033?
3
What is the hundreds digit of 4721?
7
What is the units digit of 706?
6
What is the units digit of 2530?
0
What is the thousands digit of 10039?
0
What is the hundreds digit of 668?
6
What is the units digit of 734?
4
What is the units digit of 37877?
7
What is the thousands digit of 21795?
1
What is the hundreds digit of 55873?
8
What is the tens digit of 23714?
1
What is the hundreds digit of 37265?
2
What is the units digit of 559?
9
What is the tens digit of 41813?
1
What is the hundreds digit of 2774?
7
What is the thousands digit of 43168?
3
What is the ten thousands digit of 35839?
3
What is the ten thousands digit of 23650?
2
What is the units digit of 16704?
4
What is the ten thousands digit of 19863?
1
What is the hundreds digit of 3766?
7
What is the units digit of 4523?
3
What is the thousands digit of 22487?
2
What is the units digit of 724?
4
What is the tens digit of 3349?
4
What is the units digit of 9934?
4
What is the hundreds digit of 853?
8
What is the hundreds digit of 1428?
4
What is the hundreds digit of 151?
1
What is the thousands digit of 83802?
3
What is the thousands digit of 4938?
4
What is the thousands digit of 3616?
3
What is the tens digit of 3916?
1
What is the hundreds digit of 19445?
4
What is the hundreds digit of 26606?
6
What is the units digit of 5772?
2
What is the tens digit of 16226?
2
What is the tens digit of 868?
6
What is the hundreds digit of 4281?
2
What is the units digit of 36361?
1
What is the thousands digit of 40948?
0
What is the units digit of 4769?
9
What is the tens digit of 4677?
7
What is the hundreds digit of 26341?
3
What is the units digit of 41809?
9
What is the thousands digit of 14134?
4
What is the units digit of 804?
4
What is the units digit of 3583?
3
What is the units digit of 6678?
8
What is the thousands digit of 9057?
9
What is the thousands digit of 1586?
1
What is the units digit of 2298?
8
What is the hundreds digit of 4609?
6
What is the thousands digit of 17073?
7
What is the thousands digit of 2984?
2
What is the hundreds digit of 312?
3
What is the units digit of 329?
9
What is the ten thousands digit of 10058?
1
What is the units digit of 4011?
1
What is the thousands digit of 3686?
3
What is the units digit of 83343?
3
What is the units digit of 588?
8
What is the ten thousands digit of 32023?
3
What is the thousands digit of 60878?
0
What is the units digit of 40508?
8
What is the thousands digit of 75080?
5
What is the units digit of 2646?
6
What is the hundreds digit of 68236?
2
What is the units digit of 8855?
5
What is the thousands digit of 4558?
4
What is the thousands digit of 1588?
1
What is the hundreds digit of 2211?
2
What is the tens digit of 166050?
5
What is the tens digit of 18110?
1
What is the units digit of 1355?
5
What is the hundreds digit of 828?
8
What is the hundreds digit of 294?
2
What is the thousands digit of 2507?
2
What is the thousands digit of 1093?
1
What is the thousands digit of 1429?
1
What is the tens digit of 591?
9
What is the thousands digit of 25714?
5
What is the hundreds digit of 3557?
5
What is the hundreds digit of 9133?
1
What is the thousands digit of 4635?
4
What is the units digit of 1380?
0
What is the tens digit of 589?
8
What is the units digit of 91506?
6
What is the tens digit of 735?
3
What is the hundreds digit of 3016?
0
What is the hundreds digit of 43157?
1
What is the units digit of 1170?
0
What is the units digit of 105140?
0
What is the hundreds digit of 850?
8
What is the hundreds digit of 7115?
1
What is the units digit of 7930?
0
What is the hundreds digit of 1203?
2
What is the tens digit of 779?
7
What is the hundreds digit of 632?
6
What is the tens digit of 1473?
7
What is the units digit of 448?
8
What is the units digit of 438?
8
What is the tens digit of 2694?
9
What is the tens digit of 3558?
5
What is the thousands digit of 1585?
1
What is the hundreds digit of 496?
4
What is the units digit of 335?
5
What is the thousands digit of 1958?
1
What is the units digit of 750?
0
What is the thousands digit of 11792?
1
What is the tens digit of 9592?
9
What is the hundreds digit of 899?
8
What is the ten thousands digit of 106835?
0
What is the hundreds digit of 974?
9
What is the units digit of 62338?
8
What is the thousands digit of 1389?
1
What is the hundreds digit of 13822?
8
What is the units digit of 44538?
8
What is the thousands digit of 49970?
9
What is the tens digit of 5503?
0
What is the tens digit of 188044?
4
What is the tens digit of 936?
3
What is the tens digit of 23867?
6
What is the tens digit of 988?
8
What is the units digit of 1450?
0
What is the units digit of 404?
4
What is the thousands digit of 6825?
6
What is the tens digit of 64596?
9
What is the hundreds digit of 2654?
6
What is the thousands digit of 22352?
2
What is the hundreds digit of 7133?
1
What is the hundreds digit of 5957?
9
What is the tens digit of 1186?
8
What is the units digit of 479?
9
What is the thousands digit of 4900?
4
What is the 